{"id":6,"date":"2021-08-11T11:24:37","date_gmt":"2021-08-11T11:24:37","guid":{"rendered":"https:\/\/serwer2632961.hosting-home.pl\/konferencja\/front-page\/"},"modified":"2025-10-14T11:25:32","modified_gmt":"2025-10-14T11:25:32","slug":"front-page","status":"publish","type":"page","link":"https:\/\/technopark.elk.pl\/konferencja\/","title":{"rendered":"O konferencji"},"content":{"rendered":"\n<p class=\"has-vivid-cyan-blue-color has-text-color has-link-color wp-elements-42c45d8b93653608a29303b093251e1c\" style=\"font-size:23px\"><strong>FIRMA W ERZE AI &#8211; WIDOCZNA \/ BEZPIECZNA \/ AUTOMTYCZNA<\/strong><\/p>\n\n\n\n<p class=\"has-vivid-cyan-blue-color has-text-color has-link-color wp-elements-878a8599e0cd4f950dba0e8dcb174453\" style=\"font-size:23px\"><strong>18.11.2025 r. PARK NAUKOWO-TECHNOLOGICZNY W E\u0141KU<\/strong><\/p>\n\n\n\n<p style=\"font-size:18px\">Ju\u017c po raz pi\u0105ty zapraszamy przedsi\u0119biorc\u00f3w na wyj\u0105tkowe wydarzenie, kt\u00f3re sta\u0142o si\u0119 sta\u0142ym punktem w kalendarzu bran\u017cy technologicznej i produkcyjnej. Nasza konferencja co roku gromadzi liczn\u0105 grup\u0119 uczestnik\u00f3w, udowadniaj\u0105c, \u017ce praktyczna wiedza, do\u015bwiadczeni eksperci i inspiruj\u0105ce spotkania s\u0105 kluczem do rozwoju firm.<\/p>\n\n\n\n<p style=\"font-size:18px\">Tegoroczna edycja b\u0119dzie po\u015bwi\u0119cona <strong>sztucznej inteligencji w biznesie<\/strong> \u2013 nie w teorii, ale w praktyce. Skupimy si\u0119 na trzech filarach, kt\u00f3re decyduj\u0105 dzi\u015b o przewadze rynkowej ka\u017cdej organizacji:<\/p>\n\n\n\n<p class=\"has-vivid-cyan-blue-color has-text-color has-link-color wp-elements-a0ea7ef7666301829ab5f138cda39a95\" style=\"font-size:23px;text-transform:uppercase\"><strong>1. Widoczno\u015b\u0107<\/strong><\/p>\n\n\n\n<p style=\"font-size:18px\">Algorytmy AI decyduj\u0105, kt\u00f3re marki s\u0105 zauwa\u017cane przez klient\u00f3w i jak podejmuj\u0105 oni decyzje zakupowe. Dowiesz si\u0119, jak budowa\u0107 rozpoznawalno\u015b\u0107 firmy i skutecznie pozycjonowa\u0107 si\u0119 w narz\u0119dziach opartych na sztucznej inteligencji.<\/p>\n\n\n\n<p class=\"has-vivid-cyan-blue-color has-text-color has-link-color wp-elements-d0f9dfb2682bc516c6083db863e96969\" style=\"font-size:23px;text-transform:uppercase\"><strong>2. Bezpiecze\u0144stwo<\/strong><\/p>\n\n\n\n<p style=\"font-size:18px\">Rozw\u00f3j AI to nie tylko nowe mo\u017cliwo\u015bci, ale i nowe zagro\u017cenia. Eksperci poka\u017c\u0105, jak chroni\u0107 dane oraz zabezpieczy\u0107 firm\u0119 przed cyberatakami w erze inteligentnych technologii.<\/p>\n\n\n\n<p class=\"has-vivid-cyan-blue-color has-text-color has-link-color wp-elements-5a1de4d63e9b28a0d87ab096cc06bd65\" style=\"font-size:23px;text-transform:uppercase\"><strong>3. Automatyzacja<\/strong><\/p>\n\n\n\n<p style=\"font-size:18px\">AI staje si\u0119 cyfrowym pracownikiem, kt\u00f3ry odci\u0105\u017ca zespo\u0142y i zwi\u0119ksza efektywno\u015b\u0107 proces\u00f3w. Poznasz praktyczne przyk\u0142ady wykorzystania agent\u00f3w AI oraz zastosowania sztucznej inteligencji w przemy\u015ble.<\/p>\n\n\n\n<p class=\"has-vivid-cyan-blue-color has-text-color has-link-color wp-elements-0683a158c0aa1bd2aad9aa4ab3e8d2c0\" style=\"font-size:23px;text-transform:uppercase\"><strong>Dla kogo jest ta konferencja?<\/strong><\/p>\n\n\n\n<p style=\"font-size:18px\">Firm produkcyjnych i przemys\u0142owych z Warmii, Mazur, Podlasia \/ przedsi\u0119biorstw zainteresowanych wdra\u017caniem nowych technologii\/kadry zarz\u0105dzaj\u0105cej \/ dyrektor\u00f3w produkcji  \/mened\u017cer\u00f3w technicznych \/ technolog\u00f3w i specjalist\u00f3w ds. logistyki \/ os\u00f3b odpowiedzialnych za cyfryzacj\u0119 i rozw\u00f3j B+R.<\/p>\n\n\n\n<p class=\"has-vivid-cyan-blue-color has-text-color has-link-color wp-elements-e0e0ba9ef30c64c81a52dcee60526e2d\" style=\"font-size:23px;text-transform:uppercase\"><strong>Dlaczego warto wzi\u0105\u0107 udzia\u0142?<\/strong><\/p>\n\n\n\n<p style=\"font-size:18px\">Konferencja to <strong>dwie strefy, kt\u00f3re wzajemnie si\u0119 uzupe\u0142niaj\u0105<\/strong>:<\/p>\n\n\n\n<ul class=\"wp-block-list\">\n<li style=\"font-size:18px\"><strong>Strefa konferencyjna<\/strong> \u2013 miejsce inspiruj\u0105cych prelekcji, w kt\u00f3rych do\u015bwiadczeni eksperci podziel\u0105 si\u0119 praktycznymi przyk\u0142adami wykorzystania AI w biznesie. To wiedza, kt\u00f3r\u0105 mo\u017cesz natychmiast prze\u0142o\u017cy\u0107 na rozw\u00f3j swojej firmy.<\/li>\n\n\n\n<li style=\"font-size:18px\"><strong>Strefa wystawiennicza<\/strong> \u2013 przestrze\u0144 spotka\u0144 z dostawcami najnowszych technologii i us\u0142ug, gdzie b\u0119dziesz m\u00f3g\u0142 sprawdzi\u0107 innowacyjne rozwi\u0105zania \u201ena \u017cywo\u201d i porozmawia\u0107 z praktykami.<\/li>\n<\/ul>\n\n\n\n<p style=\"font-size:18px\"><strong>Wst\u0119p na stref\u0119 konferencyjn\u0105 jest p\u0142atny \u2013 koszt udzia\u0142u to 98 z\u0142 brutto.<\/strong><br>Strefa wystawiennicza pozostaje bezp\u0142atna i otwarta dla wszystkich zainteresowanych.<\/p>\n\n\n\n<p style=\"font-size:18px\">To r\u00f3wnie\u017c <strong>networking<\/strong>, kt\u00f3ry w poprzedniej edycji zgromadzi\u0142 ponad <strong>100 uczestnik\u00f3w<\/strong> \u2013 w\u0142a\u015bcicieli firm, mened\u017cer\u00f3w i specjalist\u00f3w, dla kt\u00f3rych wsp\u00f3\u0142praca i wymiana do\u015bwiadcze\u0144 s\u0105 tak samo wa\u017cne jak wiedza ze sceny.<\/p>\n\n\n\n<p class=\"has-vivid-cyan-blue-color has-text-color has-link-color wp-elements-109ff896308d6d3ddc88320e0a1b13d6\" style=\"font-size:23px;text-transform:uppercase\"><strong>Dlaczego nasza konferencja?<\/strong><\/p>\n\n\n\n<p style=\"font-size:18px\">To ju\u017c <strong>V edycja wydarzenia<\/strong>, kt\u00f3re zyska\u0142o uznanie bran\u017cy technologicznej i przemys\u0142owej. Wiemy z do\u015bwiadczenia, \u017ce <strong>tematyka naszych spotka\u0144 staje si\u0119 impulsem do wdra\u017cania nowych rozwi\u0105za\u0144 w firmach<\/strong>, a <strong>networking owocuje realnymi relacjami biznesowymi i wdro\u017ceniami technologicznymi<\/strong>. Dlatego co roku wracaj\u0105 do nas zar\u00f3wno uczestnicy, jak i partnerzy, przekonani, \u017ce nasza konferencja to inwestycja w rozw\u00f3j.<\/p>\n\n\n\n<p style=\"font-size:18px\">\ud83d\udc49 Do\u0142\u0105cz do nas i przekonaj si\u0119, jak Twoja firma mo\u017ce sta\u0107 si\u0119 <strong>widoczna, bezpieczna i zautomatyzowana<\/strong> w erze sztucznej inteligencji.<\/p>\n\n\n\n<p><\/p>\n\n\n\n<div class=\"wp-block-buttons is-content-justification-center is-layout-flex wp-container-core-buttons-is-layout-16018d1d wp-block-buttons-is-layout-flex\">\n<div class=\"wp-block-button\"><a class=\"wp-block-button__link wp-element-button\" href=\"https:\/\/technopark.elk.pl\/konferencja\/rejestracja-3\/\" target=\"_blank\" rel=\"noreferrer noopener\">Rejestracja<\/a><\/div>\n<\/div>\n\n\n\n<p><\/p>\n\n\n\n<p class=\"has-text-align-center has-medium-font-size\"><mark style=\"background-color:rgba(0, 0, 0, 0)\" class=\"has-inline-color has-vivid-red-color\">Liczba miejsc ograniczona.<\/mark><\/p>\n\n\n\n<p><\/p>\n\n\n\n<p><\/p>\n","protected":false},"excerpt":{"rendered":"<p>FIRMA W ERZE AI &#8211; WIDOCZNA \/ BEZPIECZNA \/ AUTOMTYCZNA 18.11.2025 r. PARK NAUKOWO-TECHNOLOGICZNY W E\u0141KU Ju\u017c po raz pi\u0105ty zapraszamy przedsi\u0119biorc\u00f3w na wyj\u0105tkowe wydarzenie, kt\u00f3re sta\u0142o si\u0119 sta\u0142ym punktem w kalendarzu bran\u017cy technologicznej i produkcyjnej. Nasza konferencja co roku gromadzi liczn\u0105 grup\u0119 uczestnik\u00f3w, udowadniaj\u0105c, \u017ce praktyczna wiedza, do\u015bwiadczeni eksperci i inspiruj\u0105ce spotkania s\u0105 kluczem [&hellip;]<\/p>\n","protected":false},"author":1,"featured_media":0,"parent":0,"menu_order":0,"comment_status":"closed","ping_status":"closed","template":"page-templates\/template-home.php","meta":{"ngg_post_thumbnail":0,"footnotes":""},"class_list":["post-6","page","type-page","status-publish","hentry","entry"],"_links":{"self":[{"href":"https:\/\/technopark.elk.pl\/konferencja\/wp-json\/wp\/v2\/pages\/6","targetHints":{"allow":["GET"]}}],"collection":[{"href":"https:\/\/technopark.elk.pl\/konferencja\/wp-json\/wp\/v2\/pages"}],"about":[{"href":"https:\/\/technopark.elk.pl\/konferencja\/wp-json\/wp\/v2\/types\/page"}],"author":[{"embeddable":true,"href":"https:\/\/technopark.elk.pl\/konferencja\/wp-json\/wp\/v2\/users\/1"}],"replies":[{"embeddable":true,"href":"https:\/\/technopark.elk.pl\/konferencja\/wp-json\/wp\/v2\/comments?post=6"}],"version-history":[{"count":120,"href":"https:\/\/technopark.elk.pl\/konferencja\/wp-json\/wp\/v2\/pages\/6\/revisions"}],"predecessor-version":[{"id":1609,"href":"https:\/\/technopark.elk.pl\/konferencja\/wp-json\/wp\/v2\/pages\/6\/revisions\/1609"}],"wp:attachment":[{"href":"https:\/\/technopark.elk.pl\/konferencja\/wp-json\/wp\/v2\/media?parent=6"}],"curies":[{"name":"wp","href":"https:\/\/api.w.org\/{rel}","templated":true}]}}

<p class="has-vivid-cyan-blue-color has-text-color has-link-color wp-elements-42c45d8b93653608a29303b093251e1c" style="font-size:23px"><strong>FIRMA W ERZE AI &#8211; WIDOCZNA / BEZPIECZNA / AUTOMTYCZNA</strong></p>



<p class="has-vivid-cyan-blue-color has-text-color has-link-color wp-elements-878a8599e0cd4f950dba0e8dcb174453" style="font-size:23px"><strong>18.11.2025 r. PARK NAUKOWO-TECHNOLOGICZNY W EŁKU</strong></p>



<p style="font-size:18px">Już po raz piąty zapraszamy przedsiębiorców na wyjątkowe wydarzenie, które stało się stałym punktem w kalendarzu branży technologicznej i produkcyjnej. Nasza konferencja co roku gromadzi liczną grupę uczestników, udowadniając, że praktyczna wiedza, doświadczeni eksperci i inspirujące spotkania są kluczem do rozwoju firm.</p>



<p style="font-size:18px">Tegoroczna edycja będzie poświęcona <strong>sztucznej inteligencji w biznesie</strong> – nie w teorii, ale w praktyce. Skupimy się na trzech filarach, które decydują dziś o przewadze rynkowej każdej organizacji:</p>



<p class="has-vivid-cyan-blue-color has-text-color has-link-color wp-elements-a0ea7ef7666301829ab5f138cda39a95" style="font-size:23px;text-transform:uppercase"><strong>1. Widoczność</strong></p>



<p style="font-size:18px">Algorytmy AI decydują, które marki są zauważane przez klientów i jak podejmują oni decyzje zakupowe. Dowiesz się, jak budować rozpoznawalność firmy i skutecznie pozycjonować się w narzędziach opartych na sztucznej inteligencji.</p>



<p class="has-vivid-cyan-blue-color has-text-color has-link-color wp-elements-d0f9dfb2682bc516c6083db863e96969" style="font-size:23px;text-transform:uppercase"><strong>2. Bezpieczeństwo</strong></p>



<p style="font-size:18px">Rozwój AI to nie tylko nowe możliwości, ale i nowe zagrożenia. Eksperci pokażą, jak chronić dane oraz zabezpieczyć firmę przed cyberatakami w erze inteligentnych technologii.</p>



<p class="has-vivid-cyan-blue-color has-text-color has-link-color wp-elements-5a1de4d63e9b28a0d87ab096cc06bd65" style="font-size:23px;text-transform:uppercase"><strong>3. Automatyzacja</strong></p>



<p style="font-size:18px">AI staje się cyfrowym pracownikiem, który odciąża zespoły i zwiększa efektywność procesów. Poznasz praktyczne przykłady wykorzystania agentów AI oraz zastosowania sztucznej inteligencji w przemyśle.</p>



<p class="has-vivid-cyan-blue-color has-text-color has-link-color wp-elements-0683a158c0aa1bd2aad9aa4ab3e8d2c0" style="font-size:23px;text-transform:uppercase"><strong>Dla kogo jest ta konferencja?</strong></p>



<p style="font-size:18px">Firm produkcyjnych i przemysłowych z Warmii, Mazur, Podlasia / przedsiębiorstw zainteresowanych wdrażaniem nowych technologii/kadry zarządzającej / dyrektorów produkcji  /menedżerów technicznych / technologów i specjalistów ds. logistyki / osób odpowiedzialnych za cyfryzację i rozwój B+R.</p>



<p class="has-vivid-cyan-blue-color has-text-color has-link-color wp-elements-e0e0ba9ef30c64c81a52dcee60526e2d" style="font-size:23px;text-transform:uppercase"><strong>Dlaczego warto wziąć udział?</strong></p>



<p style="font-size:18px">Konferencja to <strong>dwie strefy, które wzajemnie się uzupełniają</strong>:</p>



<ul class="wp-block-list">
<li style="font-size:18px"><strong>Strefa konferencyjna</strong> – miejsce inspirujących prelekcji, w których doświadczeni eksperci podzielą się praktycznymi przykładami wykorzystania AI w biznesie. To wiedza, którą możesz natychmiast przełożyć na rozwój swojej firmy.</li>



<li style="font-size:18px"><strong>Strefa wystawiennicza</strong> – przestrzeń spotkań z dostawcami najnowszych technologii i usług, gdzie będziesz mógł sprawdzić innowacyjne rozwiązania „na żywo” i porozmawiać z praktykami.</li>
</ul>



<p style="font-size:18px"><strong>Wstęp na strefę konferencyjną jest płatny – koszt udziału to 98 zł brutto.</strong><br>Strefa wystawiennicza pozostaje bezpłatna i otwarta dla wszystkich zainteresowanych.</p>



<p style="font-size:18px">To również <strong>networking</strong>, który w poprzedniej edycji zgromadził ponad <strong>100 uczestników</strong> – właścicieli firm, menedżerów i specjalistów, dla których współpraca i wymiana doświadczeń są tak samo ważne jak wiedza ze sceny.</p>



<p class="has-vivid-cyan-blue-color has-text-color has-link-color wp-elements-109ff896308d6d3ddc88320e0a1b13d6" style="font-size:23px;text-transform:uppercase"><strong>Dlaczego nasza konferencja?</strong></p>



<p style="font-size:18px">To już <strong>V edycja wydarzenia</strong>, które zyskało uznanie branży technologicznej i przemysłowej. Wiemy z doświadczenia, że <strong>tematyka naszych spotkań staje się impulsem do wdrażania nowych rozwiązań w firmach</strong>, a <strong>networking owocuje realnymi relacjami biznesowymi i wdrożeniami technologicznymi</strong>. Dlatego co roku wracają do nas zarówno uczestnicy, jak i partnerzy, przekonani, że nasza konferencja to inwestycja w rozwój.</p>



<p style="font-size:18px">👉 Dołącz do nas i przekonaj się, jak Twoja firma może stać się <strong>widoczna, bezpieczna i zautomatyzowana</strong> w erze sztucznej inteligencji.</p>



<p></p>



<div class="wp-block-buttons is-content-justification-center is-layout-flex wp-container-core-buttons-is-layout-16018d1d wp-block-buttons-is-layout-flex">
<div class="wp-block-button"><a class="wp-block-button__link wp-element-button" href="https://technopark.elk.pl/konferencja/rejestracja-3/" target="_blank" rel="noreferrer noopener">Rejestracja</a></div>
</div>



<p></p>



<p class="has-text-align-center has-medium-font-size"><mark style="background-color:rgba(0, 0, 0, 0)" class="has-inline-color has-vivid-red-color">Liczba miejsc ograniczona.</mark></p>



<p></p>



<p></p>

<p>FIRMA W ERZE AI &#8211; WIDOCZNA / BEZPIECZNA / AUTOMTYCZNA 18.11.2025 r. PARK NAUKOWO-TECHNOLOGICZNY W EŁKU Już po raz piąty zapraszamy przedsiębiorców na wyjątkowe wydarzenie, które stało się stałym punktem w kalendarzu branży technologicznej i produkcyjnej. Nasza konferencja co roku gromadzi liczną grupę uczestników, udowadniając, że praktyczna wiedza, doświadczeni eksperci i inspirujące spotkania są kluczem [&hellip;]</p>
